)) + -35.
-18
What is 13 - 22 - (2 + (3 - 4))?
-10
Calculate -33 + -8 + 23 - -15.
-3
Calculate -12 - ((15 - -14) + -8 - 9).
-24
What is -2 + (-23 - (5 + -17))?
-13
What is the value of (-4 - (-23 - -5)) + -3?
11
Calculate 6 - (-2 + 2 + 12).
-6
Evaluate -3 + 2 + -2 + 3 - (72 + -89).
17
-11 + (7 - (-8 + -3 - -13))
-6
Evaluate -454 - -419 - (-1 + -16).
-18
(1 - 7) + -1 - (15 - (22 + -13))
-13
What is 2 + -12 - (-37 + 45 - (7 + 3))?
-8
What is the value of (7 - (-2 - 5)) + -8 + -9?
-3
Calculate 4 - -2 - (-26 + 26 + 2 + 5).
-1
What is 1 + -6 + 4 + -8?
-9
What is 0 - 0 - -12 - (-26 - (19 - 49))?
8
Calculate -7 + 28 + -7 + 0 - -6 - 3.
17
Calculate 13 - -1 - (632 + -605).
-13
What is the value of -4 + 0 + 223 + -222?
-3
Calculate -2 - (-5 - (9 - 16)) - 7.
-11
What is 7 - -7 - (3 + -1 + -1)?
13
(10 - 3) + 9 + -4 + -3
9
What is 7 + (0 - (43 + -50 - (1 - 11)))?
4
Evaluate (-6 - (2 + 9 - (-59 - -82))) + 10.
16
What is the value of -2 - ((-5 - (6 + -11 + 6)) + 3)?
1
-10 - (-16 + 11 - -10) - 0
-15
What is the value of -14 + 7 + 0 - -8 - -3?
4
What is the value of -14 + 4 + (7 - -1 - 9)?
-11
Calculate -13 + -12 + 14 + 1 + -10.
-20
10 + (15 + -9 - (9 + 1))
6
What is -13 - -1 - (-59 + 39)?
8
Calculate 5 + 9 - (-14 - (-28 - -18)).
18
Calculate 27 - 18 - ((-5 - -2) + -3).
15
Evaluate 133 - 93 - (31 - -5).
4
What is the value of (0 - -2) + 7 - (-13 - -11 - -44)?
-33
261 + -265 + -1 + 0 + -2
-7
Calculate 8 - (-1 + (-5 - (-6 + 8 - 9))).
7
Evaluate (1 - (17 - 11)) + -18 + 15.
-8
What is 18 + (-20 - (-19 - -16))?
1
Calculate (-17 - -22) + -4 + (7 - 5) + -4.
-1
Calculate -3 + (-8 - -5) - -13 - (-1 - 21).
29
Calculate 50 + (-12 - (10 - (16 - 11) - 5)).
38
What is the value of -21 + (-6 - (-18 - -4))?
-13
What is the value of 8 - (9 + (3 - 13) - -20)?
-11
Calculate 0 + (9 - -1) - 13.
-3
(12 - 1) + (-3 - (-67 - -62))
13
6 + -2 + (20 - (36 - 20))
8
20 - ((18 + -4 - 21) + -2)
29
Calculate 6 + 1 - (17 - 26) - (3 - 3).
16
Calculate 23 + -1 + 3 + -24.
1
What is 5 - 1 - (26 + -14 + 1 - 16)?
7
What is 27 + (7 + -15 + -10 - (-9 + -1))?
19
Calculate -12 + 3 + 9 + 17.
17
24 - 9 - (1 + 5 - (31 + -20))
20
Calculate 27 + (-1 - 35) - (0 + 16).
-25
What is the value of 5 + -1 - (-9 + -9 + 2)?
20
What is the value of -11 + -3 + 23 + 51 + -58?
2
What is -9 - (-15 - (-25 + -9))?
-28
Evaluate -6 + -46 + 18 + 11.
-23
Evaluate -3 - (-3 - 2) - (0 + 0 - 4).
6
-12 + (2 - (-2 - 5)) - 8
-11
Calculate (-17 - (-22 - -17)) + 2.
-10
What is the value of (12 - -3 - 18) + 19 + -2?
14
What is (-138 - (47 + -194)) + 0 + (0 - 36)?
-27
Evaluate (0 + 0 - 14) + 1075 + -1070.
-9
What is the value of -5 + (-10 + 1 - (-21 - -3))?
4
What is the value of -2 + 9 + -12 + 5 + 5?
5
What is 19 - (14 + 3 + 24)?
-22
What is the value of 10 + -3 + (3 - 1) + -25?
-16
What is the value of -10 + (-4 + 23 - 7) - -9?
11
Calculate (-11 - -2) + -162 + 168 + 31 + -1.
27
What is the value of -7 + 3 - (21 + -20) - -12?
7
2 + -6 + (-7 - -26)
15
Evaluate 1 + (-57 - -54) + 4 + (-5 - -2).
-1
Evaluate -1 - 9 - (6 - (-8 - (9 + -29))).
-4
What is 15 - (1 - 13 - (-9 - (-1 + -6)))?
25
What is the value of (-4 - -10) + (-4 - -5) + 7 + -4?
10
What is -3 + 2 + -11 + 4 - (1 + -3)?
-6
Evaluate (-10 - (-12 - -2)) + 7.
7
What is the value of 27 - (-38 - (-44 + 6))?
27
What is 8 + -7 + -6 + 1?
-4
What is the value of 12 + (-17 - -10 - (3 + -5 + -3))?
10
7 + (-7 + 4 - 10) - -5
-1
Calculate 2 + 10 - (92 - 88).
8
What is the value of -24 + 14 + 6 + 22 - (1 + 2)?
15
2 + (-5 - (-3 - -7)) + 9
2
What is the value of -31 - (-24 + 10 + -10)?
-7
Calculate (-283 - -274) + (26 - 0).
17
Evaluate -44 + (46 + -27 - (-8 - -22)).
-39
What is 5 - (-11 + (-5 - -9))?
12
-5 - 1 - (-10 - (-4 + -9 - 4))
-13
What is the value of -12 + 2 + -4 - ((-6 - -19) + -15)?
-12
-4 + 21 - (14 - (1 + 7))
11
What is the value of 6 + (-19 - (13 - 15)) + -4 + 0?
-15
What is the value of (11 - (-2 + 8) - 0) + 3?
8
What is the value of -100 + 112 - (3 - -23)?
-14
What is the value of 13 + -45 + 1 + 13?
-18
(-2 - -21) + 28 + -69 + 5
-17
What is the value of -12 + 7 + -4 - (-24 - -11)?
4
Calculate (-11 - (-15 - -1)) + (1 - 3 - -10).
11
What is 0 - 2 - -11 - (-3 + 8 + -2)?
6
Calculate (-8 - (2 + 5 + 5)) + 9.
-11
Calculate (9 - 0) + -11 + 23.
21
Calculate 2 - (1 - (-9 - (15 - -7))).
-30
What is 10 + 21 + -13 + -8?
10
What is 9 + -10 + (6 - 4 - 1) + 11?
11
(-10 - -10) + -16 + 6 + 17 + -34
-27
Evaluate -27 + 10 + 30 + (-1 - -2).
14
What is (-38 - (-40 + 15)) + 4?
-9
Calculate 14 + -3 + 5 - (3 + 3).
10
What is (-3 - -20) + 163 + -151?
29
What is -36 + 0 + (3 - -25)?
-8
What is 2 - (-9 - -35 - 7)?
-17
Evaluate (12 - -16) + (10 - 24).
14
-136 + 125 + (36 - 0)
25
What is the value of 23 + 0 - (45 + -29)?
7
What is 0 + -2 - (-3 + (-7 - 0) + 7)?
1
Calculate (-11 - (-2 - 0)) + 495 + -500.
-14
What is (-5 - -16) + 7 + -1 + 1?
18
What is the value of 7 - ((34 - 11) + -7)?
-9
Evaluate 1 + (-2 - (2 - (3 - -2))).
2
8 - (0 + (0 + 4 - 7))
11
What is 33 + 12 + (15 - 37)?
23
Calculate (-1 - 13) + 1 + (-16 - -14).
-15
What is -16 + -3 + 2 - (-19 + 21 + -5)?
-14
What is 18 + (2 - (9 + -4 - -5))?
10
(-16 - -29) + -24 + 39
28
Calculate 29 + -32 - (1 + -11).
7
Calculate 12 + 12 + -36 + 17.
5
What is the value of -178 + 155 - (4 + -5 + (2 - 12))?
-12
Calculate 8 - 3 - (1 - (4 - 10 - -4)).
2
-78 - -30 - (-22 - 6)
-20
Evaluate (126 - 122) + 5 + 0 + 0 - -7.
16
What is -39 + 2 + (0 - (-15 - -4))?
-26
What is the value of -14 + 16 + -5 - 0?
-3
What is the value of (-5 - 5) + 4 - -14?
8
Calculate -32 - (-34 + 21 - 44).
25
What is the value of (-3 - (-2 + -1 + -1)) + -86 + 85?
0
What is 38 + -5 + -19 - (-2 - (-2 + -2))?
12
Calculate -10 + 0 - (-1558 - -1522).
26
What is the value of 19 + -5 + (16 - 3)?
27
Calculate (42 - 23) + (-6 - 3).
10
What is -9 + (7 + -17 + -5 - -7) + 3?
-14
10 + -14 + 2 - (-2 - 5)
5
Evaluate (5 - 17) + 9 - (1 + 3).
-7
What is 0 + -2 + 0 + 64 + -57 - 3?
2
What is the value of -1 + 41 + -29 + 17?
28
Calculate -4 + -13 + -2 + (-27 + 14 - -17).
-15
What is the value of (-20 - -24 - (-1 + (12 - -2))) + 3?
-6
-3 - (13 - (16 + 5) - -5)
0
-5 - (21 - 13) - -21 - (-8 - 1)
17
What is the value of 1 + -8 + -5 - (-8 - 0)?
-4
5 + -2 + (0 - 10) + 0 + -18
-25
What is the value of -19 + (5 - 3) + 6 - (5 + 4)?
-20
(-79 + 76 - (-6 + 1)) + -4
-2
Calculate (-132 - -138 - ((-1 - 1) + -2)) + 3.
13
Calculate -5 + 1 + -1 + 10 + -4 + -5.
-4
What is 0 + (-19 + 44 - 8)?
17
(9 - 15) + 1 + 0 + 51 + -51
-5
What is the value of 5 + -5 + 2 + (1 - -5) + -34?
-26
What is the value of (8 - 16 - -8) + 8 - -1 - -4?
13
Calculate 2 - (0 - -3 - (11 + -13 + -3)).
-6
What is ((-3 - -6 - -2) + -2 - 12) + 23?
14
What is the value of 12 + -1 - (1 + 52 + (502 - 527))?
-17
Calculate 28 + -20 + (5 - (10 + 3 - 3)).
3
Calculate (16 - (25 - 1)) + (0 - -11).
3
What is 1 + 1 + 5 - (1 + 0 - 0)?
6
Calculate 28 - (4 + -4 + 5 - -6).
17
What is the value of -6 + (1 - ((-11 - -6) + 6)) - -5?
-1
Evaluate 34 + -7 + (11 - (32 - 18)).
24
What is the value of (222 - 198) + -47 + 1?
-22
Calculate 0 - (-1 + -7) - (-8 + 10 - -19).
-13
Evaluate ((-1 - -4) + (-76 - -55) - -6) + 2.
-10
16 + 16 + -9 + (-2 - -2)
23
Evaluate -28 - -17 - (-12 + 1) - -6.
6
2 + -4 + 4 + 0 - (205 + -217)
14
Calculate 1 + 3 + (-1 + 0 - 0) + 8.
11
What is the value of (-2 - -3) + -1 + (5 + -2 - 6)?
-3
Evaluate 78 + -85 + (-11 - -14).
-4
-8 + 2 + (12 - -3)
9
What is the value of (3 - -1) + -4 + (5 - -1) + 1?
7
What is the value of -3 - -6 - (3 - (7 + (5 - 3)))?
9
39 - 17 - -10 - 10
22
Evaluate 38 + 0 - (-254 - -272).
20
What is (6 - -1) + (11 - (-31 + 29))?
20
Calculate -9 + 8 + (-94 - -82).
-13
(-8 - (-43 + 53 + (-1 - 11))) + 36
30
Evaluate 19 + -18 + 22 + (-29 - -15).
9
7 + -7 + 7 + -6 + 4
5
What is -43 + (-18 + 28 - -39)?
6
What is 19 - (-1 - (-58 - -18))?
-20
Calculate (3 - -4) + 6 + -2.
11
What is 5 + (-6 - -2) - (12 - 12) - 7?
-6
What is (2 - (1 - 0)) + 997 + -1004?
-6
What is the value of 3 - (0 - -1) - (98 + -111)?
15
Calculate (-14 - -9) + 12 - 13.
-6
What is the value of 5 - (-5 + (3 - -9) - 8)?
6
What is -1 + -5 + -102 + 101?
-7
0 + -6 + (-4 - 0)
-10
What is -6 - (1 - 1) - -6 - (-2 + -3)?
5
What is (-11 + 2 - -2) + (-4 - (13 + -14))?
-10
(9 - (-1 - -4)) + (14 - 12) - 5
3
Evaluate -89 - -26 - -47 - (-15 + 0).
-1
(-2 - 10 - (16 + -6)) + 9
-13
What is 29 + (25 - 1) + -51?
2
What is 